{"id":87106,"date":"2024-10-14T11:44:03","date_gmt":"2024-10-14T09:44:03","guid":{"rendered":"https:\/\/www.visitsmaland.se\/?post_type=experience&#038;p=87106"},"modified":"2026-03-13T09:45:12","modified_gmt":"2026-03-13T08:45:12","slug":"kulturreservatet-stensjo-by","status":"publish","type":"experience","link":"https:\/\/www.visitsmaland.se\/dk\/at-goere\/kulturreservatet-stensjo-by\/","title":{"rendered":"Kulturreservatet Stensj\u00f6 by"},"content":{"rendered":"<p>Stensj\u00f6 by tager dig langt tilbage i tiden til et landskab, der er skabt gennem h\u00f8h\u00f8st og gr\u00e6sning gennem \u00e5rhundreder. Stedet forvaltes stadig delvist p\u00e5 traditionel vis. F\u00e5r, k\u00f8er og grise lever i indhegningerne. H\u00f8ns g\u00e5r ogs\u00e5 frit rundt i landsbyen. Omgivelserne er genkendelige fra Astrid Lindgrens film om B\u00f8rnene i Bullerby, da flere scener er optaget direkte i landsbyen eller p\u00e5 vejene omkring landsbyen.<\/p>\n","protected":false},"featured_media":87094,"template":"","experience_region":[781],"experience_category":[848,851,873,876,878,881,883,886],"class_list":["post-87106","experience","type-experience","status-publish","has-post-thumbnail","hentry","experience_region-kalmar","experience_category-place","experience_category-place-dk","experience_category-natureexperience","experience_category-natureexperience-dk","experience_category-culturalexperience","experience_category-culturalexperience-dk","experience_category-landmarksorhistoricalbuildings","experience_category-landmarksorhistoricalbuildings-dk"],"acf":[],"yoast_head":"<!-- This site is optimized with the Yoast SEO plugin v27.5 - https:\/\/yoast.com\/product\/yoast-seo-wordpress\/ -->\n<title>Kulturreservatet Stensj\u00f6 by | Visit Sm\u00e5land<\/title>\n<meta name=\"description\" content=\"Stensj\u00f6 by tager dig langt tilbage i tiden til et landskab, der er skabt gennem h\u00f8h\u00f8st og gr\u00e6sning gennem \u00e5rhundreder.\" \/>\n<meta name=\"robots\" content=\"index, follow, max-snippet:-1, max-image-preview:large, max-video-preview:-1\" \/>\n<link rel=\"canonical\" href=\"https:\/\/www.visitsmaland.se\/dk\/at-goere\/kulturreservatet-stensjo-by\/\" \/>\n<meta property=\"og:locale\" content=\"da_DK\" \/>\n<meta property=\"og:type\" content=\"article\" \/>\n<meta property=\"og:title\" content=\"Kulturreservatet Stensj\u00f6 by | Visit Sm\u00e5land\" \/>\n<meta property=\"og:description\" content=\"Stensj\u00f6 by tager dig langt tilbage i tiden til et landskab, der er skabt gennem h\u00f8h\u00f8st og gr\u00e6sning gennem \u00e5rhundreder.\" \/>\n<meta property=\"og:url\" content=\"https:\/\/www.visitsmaland.se\/dk\/at-goere\/kulturreservatet-stensjo-by\/\" \/>\n<meta property=\"og:site_name\" content=\"Visit Sm\u00e5land\" \/>\n<meta property=\"article:publisher\" content=\"https:\/\/www.facebook.com\/visitsmaland\/\" \/>\n<meta property=\"article:modified_time\" content=\"2026-03-13T08:45:12+00:00\" \/>\n<meta property=\"og:image\" content=\"https:\/\/www.visitsmaland.se\/wp-content\/uploads\/2026\/03\/Kulturreservatet-Stensjo-by-87093-scaled.jpeg\" \/>\n\t<meta property=\"og:image:width\" content=\"2560\" \/>\n\t<meta property=\"og:image:height\" content=\"1707\" \/>\n\t<meta property=\"og:image:type\" content=\"image\/jpeg\" \/>\n<meta name=\"twitter:card\" content=\"summary_large_image\" \/>\n<meta name=\"twitter:label1\" content=\"Estimeret l\u00e6setid\" \/>\n\t<meta name=\"twitter:data1\" content=\"2 minutter\" \/>\n<script type=\"application\/ld+json\" class=\"yoast-schema-graph\">{\"@context\":\"https:\\\/\\\/schema.org\",\"@graph\":[{\"@type\":\"WebPage\",\"@id\":\"https:\\\/\\\/www.visitsmaland.se\\\/dk\\\/at-goere\\\/kulturreservatet-stensjo-by\\\/\",\"url\":\"https:\\\/\\\/www.visitsmaland.se\\\/dk\\\/at-goere\\\/kulturreservatet-stensjo-by\\\/\",\"name\":\"Kulturreservatet Stensj\u00f6 by | Visit Sm\u00e5land\",\"isPartOf\":{\"@id\":\"https:\\\/\\\/www.visitsmaland.se\\\/dk\\\/#website\"},\"primaryImageOfPage\":{\"@id\":\"https:\\\/\\\/www.visitsmaland.se\\\/dk\\\/at-goere\\\/kulturreservatet-stensjo-by\\\/#primaryimage\"},\"image\":{\"@id\":\"https:\\\/\\\/www.visitsmaland.se\\\/dk\\\/at-goere\\\/kulturreservatet-stensjo-by\\\/#primaryimage\"},\"thumbnailUrl\":\"https:\\\/\\\/www.visitsmaland.se\\\/wp-content\\\/uploads\\\/2026\\\/03\\\/Kulturreservatet-Stensjo-by-87093-scaled.jpeg\",\"datePublished\":\"2024-10-14T09:44:03+00:00\",\"dateModified\":\"2026-03-13T08:45:12+00:00\",\"description\":\"Stensj\u00f6 by tager dig langt tilbage i tiden til et landskab, der er skabt gennem h\u00f8h\u00f8st og gr\u00e6sning gennem \u00e5rhundreder.\",\"breadcrumb\":{\"@id\":\"https:\\\/\\\/www.visitsmaland.se\\\/dk\\\/at-goere\\\/kulturreservatet-stensjo-by\\\/#breadcrumb\"},\"inLanguage\":\"da-DK\",\"potentialAction\":[{\"@type\":\"ReadAction\",\"target\":[\"https:\\\/\\\/www.visitsmaland.se\\\/dk\\\/at-goere\\\/kulturreservatet-stensjo-by\\\/\"]}]},{\"@type\":\"ImageObject\",\"inLanguage\":\"da-DK\",\"@id\":\"https:\\\/\\\/www.visitsmaland.se\\\/dk\\\/at-goere\\\/kulturreservatet-stensjo-by\\\/#primaryimage\",\"url\":\"https:\\\/\\\/www.visitsmaland.se\\\/wp-content\\\/uploads\\\/2026\\\/03\\\/Kulturreservatet-Stensjo-by-87093-scaled.jpeg\",\"contentUrl\":\"https:\\\/\\\/www.visitsmaland.se\\\/wp-content\\\/uploads\\\/2026\\\/03\\\/Kulturreservatet-Stensjo-by-87093-scaled.jpeg\",\"width\":2560,\"height\":1707},{\"@type\":\"BreadcrumbList\",\"@id\":\"https:\\\/\\\/www.visitsmaland.se\\\/dk\\\/at-goere\\\/kulturreservatet-stensjo-by\\\/#breadcrumb\",\"itemListElement\":[{\"@type\":\"ListItem\",\"position\":1,\"name\":\"Forside\",\"item\":\"https:\\\/\\\/www.visitsmaland.se\\\/dk\\\/\"},{\"@type\":\"ListItem\",\"position\":2,\"name\":\"Kulturreservatet Stensj\u00f6 by\"}]},{\"@type\":\"WebSite\",\"@id\":\"https:\\\/\\\/www.visitsmaland.se\\\/dk\\\/#website\",\"url\":\"https:\\\/\\\/www.visitsmaland.se\\\/dk\\\/\",\"name\":\"Visit Sm\u00e5land\",\"description\":\"V\u00e4lkommen till Sm\u00e5land\",\"potentialAction\":[{\"@type\":\"SearchAction\",\"target\":{\"@type\":\"EntryPoint\",\"urlTemplate\":\"https:\\\/\\\/www.visitsmaland.se\\\/dk\\\/?s={search_term_string}\"},\"query-input\":{\"@type\":\"PropertyValueSpecification\",\"valueRequired\":true,\"valueName\":\"search_term_string\"}}],\"inLanguage\":\"da-DK\"}]}<\/script>\n<!-- \/ Yoast SEO plugin. -->","yoast_head_json":{"title":"Kulturreservatet Stensj\u00f6 by | Visit Sm\u00e5land","description":"Stensj\u00f6 by tager dig langt tilbage i tiden til et landskab, der er skabt gennem h\u00f8h\u00f8st og gr\u00e6sning gennem \u00e5rhundreder.","robots":{"index":"index","follow":"follow","max-snippet":"max-snippet:-1","max-image-preview":"max-image-preview:large","max-video-preview":"max-video-preview:-1"},"canonical":"https:\/\/www.visitsmaland.se\/dk\/at-goere\/kulturreservatet-stensjo-by\/","og_locale":"da_DK","og_type":"article","og_title":"Kulturreservatet Stensj\u00f6 by | Visit Sm\u00e5land","og_description":"Stensj\u00f6 by tager dig langt tilbage i tiden til et landskab, der er skabt gennem h\u00f8h\u00f8st og gr\u00e6sning gennem \u00e5rhundreder.","og_url":"https:\/\/www.visitsmaland.se\/dk\/at-goere\/kulturreservatet-stensjo-by\/","og_site_name":"Visit Sm\u00e5land","article_publisher":"https:\/\/www.facebook.com\/visitsmaland\/","article_modified_time":"2026-03-13T08:45:12+00:00","og_image":[{"width":2560,"height":1707,"url":"https:\/\/www.visitsmaland.se\/wp-content\/uploads\/2026\/03\/Kulturreservatet-Stensjo-by-87093-scaled.jpeg","type":"image\/jpeg"}],"twitter_card":"summary_large_image","twitter_misc":{"Estimeret l\u00e6setid":"2 minutter"},"schema":{"@context":"https:\/\/schema.org","@graph":[{"@type":"WebPage","@id":"https:\/\/www.visitsmaland.se\/dk\/at-goere\/kulturreservatet-stensjo-by\/","url":"https:\/\/www.visitsmaland.se\/dk\/at-goere\/kulturreservatet-stensjo-by\/","name":"Kulturreservatet Stensj\u00f6 by | Visit Sm\u00e5land","isPartOf":{"@id":"https:\/\/www.visitsmaland.se\/dk\/#website"},"primaryImageOfPage":{"@id":"https:\/\/www.visitsmaland.se\/dk\/at-goere\/kulturreservatet-stensjo-by\/#primaryimage"},"image":{"@id":"https:\/\/www.visitsmaland.se\/dk\/at-goere\/kulturreservatet-stensjo-by\/#primaryimage"},"thumbnailUrl":"https:\/\/www.visitsmaland.se\/wp-content\/uploads\/2026\/03\/Kulturreservatet-Stensjo-by-87093-scaled.jpeg","datePublished":"2024-10-14T09:44:03+00:00","dateModified":"2026-03-13T08:45:12+00:00","description":"Stensj\u00f6 by tager dig langt tilbage i tiden til et landskab, der er skabt gennem h\u00f8h\u00f8st og gr\u00e6sning gennem \u00e5rhundreder.","breadcrumb":{"@id":"https:\/\/www.visitsmaland.se\/dk\/at-goere\/kulturreservatet-stensjo-by\/#breadcrumb"},"inLanguage":"da-DK","potentialAction":[{"@type":"ReadAction","target":["https:\/\/www.visitsmaland.se\/dk\/at-goere\/kulturreservatet-stensjo-by\/"]}]},{"@type":"ImageObject","inLanguage":"da-DK","@id":"https:\/\/www.visitsmaland.se\/dk\/at-goere\/kulturreservatet-stensjo-by\/#primaryimage","url":"https:\/\/www.visitsmaland.se\/wp-content\/uploads\/2026\/03\/Kulturreservatet-Stensjo-by-87093-scaled.jpeg","contentUrl":"https:\/\/www.visitsmaland.se\/wp-content\/uploads\/2026\/03\/Kulturreservatet-Stensjo-by-87093-scaled.jpeg","width":2560,"height":1707},{"@type":"BreadcrumbList","@id":"https:\/\/www.visitsmaland.se\/dk\/at-goere\/kulturreservatet-stensjo-by\/#breadcrumb","itemListElement":[{"@type":"ListItem","position":1,"name":"Forside","item":"https:\/\/www.visitsmaland.se\/dk\/"},{"@type":"ListItem","position":2,"name":"Kulturreservatet Stensj\u00f6 by"}]},{"@type":"WebSite","@id":"https:\/\/www.visitsmaland.se\/dk\/#website","url":"https:\/\/www.visitsmaland.se\/dk\/","name":"Visit Sm\u00e5land","description":"V\u00e4lkommen till Sm\u00e5land","potentialAction":[{"@type":"SearchAction","target":{"@type":"EntryPoint","urlTemplate":"https:\/\/www.visitsmaland.se\/dk\/?s={search_term_string}"},"query-input":{"@type":"PropertyValueSpecification","valueRequired":true,"valueName":"search_term_string"}}],"inLanguage":"da-DK"}]}},"_links":{"self":[{"href":"https:\/\/www.visitsmaland.se\/dk\/wp-json\/wp\/v2\/experience\/87106","targetHints":{"allow":["GET"]}}],"collection":[{"href":"https:\/\/www.visitsmaland.se\/dk\/wp-json\/wp\/v2\/experience"}],"about":[{"href":"https:\/\/www.visitsmaland.se\/dk\/wp-json\/wp\/v2\/types\/experience"}],"version-history":[{"count":1,"href":"https:\/\/www.visitsmaland.se\/dk\/wp-json\/wp\/v2\/experience\/87106\/revisions"}],"predecessor-version":[{"id":89781,"href":"https:\/\/www.visitsmaland.se\/dk\/wp-json\/wp\/v2\/experience\/87106\/revisions\/89781"}],"wp:featuredmedia":[{"embeddable":true,"href":"https:\/\/www.visitsmaland.se\/dk\/wp-json\/wp\/v2\/media\/87094"}],"wp:attachment":[{"href":"https:\/\/www.visitsmaland.se\/dk\/wp-json\/wp\/v2\/media?parent=87106"}],"wp:term":[{"taxonomy":"experience_region","embeddable":true,"href":"https:\/\/www.visitsmaland.se\/dk\/wp-json\/wp\/v2\/experience_region?post=87106"},{"taxonomy":"experience_category","embeddable":true,"href":"https:\/\/www.visitsmaland.se\/dk\/wp-json\/wp\/v2\/experience_category?post=87106"}],"curies":[{"name":"wp","href":"https:\/\/api.w.org\/{rel}","templated":true}]}}

Kulturreservatet Stensjö by

<p>Stensjö by tager dig langt tilbage i tiden til et landskab, der er skabt gennem høhøst og græsning gennem århundreder. Stedet forvaltes stadig delvist på traditionel vis. Får, køer og grise lever i indhegningerne. Høns går også frit rundt i landsbyen. Omgivelserne er genkendelige fra Astrid Lindgrens film om Børnene i Bullerby, da flere scener er optaget direkte i landsbyen eller på vejene omkring landsbyen.</p>

<!-- This site is optimized with the Yoast SEO plugin v27.5 - https://yoast.com/product/yoast-seo-wordpress/ -->
<title>Kulturreservatet Stensjö by | Visit Småland</title>
<meta name="description" content="Stensjö by tager dig langt tilbage i tiden til et landskab, der er skabt gennem høhøst og græsning gennem århundreder." />
<meta name="robots" content="index, follow, max-snippet:-1, max-image-preview:large, max-video-preview:-1" />
<link rel="canonical" href="https://www.visitsmaland.se/dk/at-goere/kulturreservatet-stensjo-by/" />
<meta property="og:locale" content="da_DK" />
<meta property="og:type" content="article" />
<meta property="og:title" content="Kulturreservatet Stensjö by | Visit Småland" />
<meta property="og:description" content="Stensjö by tager dig langt tilbage i tiden til et landskab, der er skabt gennem høhøst og græsning gennem århundreder." />
<meta property="og:url" content="https://www.visitsmaland.se/dk/at-goere/kulturreservatet-stensjo-by/" />
<meta property="og:site_name" content="Visit Småland" />
<meta property="article:publisher" content="https://www.facebook.com/visitsmaland/" />
<meta property="article:modified_time" content="2026-03-13T08:45:12+00:00" />
<meta property="og:image" content="https://www.visitsmaland.se/wp-content/uploads/2026/03/Kulturreservatet-Stensjo-by-87093-scaled.jpeg" />
	<meta property="og:image:width" content="2560" />
	<meta property="og:image:height" content="1707" />
	<meta property="og:image:type" content="image/jpeg" />
<meta name="twitter:card" content="summary_large_image" />
<meta name="twitter:label1" content="Estimeret læsetid" />
	<meta name="twitter:data1" content="2 minutter" />
<script type="application/ld+json" class="yoast-schema-graph">{"@context":"https:\/\/schema.org","@graph":[{"@type":"WebPage","@id":"https:\/\/www.visitsmaland.se\/dk\/at-goere\/kulturreservatet-stensjo-by\/","url":"https:\/\/www.visitsmaland.se\/dk\/at-goere\/kulturreservatet-stensjo-by\/","name":"Kulturreservatet Stensjö by | Visit Småland","isPartOf":{"@id":"https:\/\/www.visitsmaland.se\/dk\/#website"},"primaryImageOfPage":{"@id":"https:\/\/www.visitsmaland.se\/dk\/at-goere\/kulturreservatet-stensjo-by\/#primaryimage"},"image":{"@id":"https:\/\/www.visitsmaland.se\/dk\/at-goere\/kulturreservatet-stensjo-by\/#primaryimage"},"thumbnailUrl":"https:\/\/www.visitsmaland.se\/wp-content\/uploads\/2026\/03\/Kulturreservatet-Stensjo-by-87093-scaled.jpeg","datePublished":"2024-10-14T09:44:03+00:00","dateModified":"2026-03-13T08:45:12+00:00","description":"Stensjö by tager dig langt tilbage i tiden til et landskab, der er skabt gennem høhøst og græsning gennem århundreder.","breadcrumb":{"@id":"https:\/\/www.visitsmaland.se\/dk\/at-goere\/kulturreservatet-stensjo-by\/#breadcrumb"},"inLanguage":"da-DK","potentialAction":[{"@type":"ReadAction","target":["https:\/\/www.visitsmaland.se\/dk\/at-goere\/kulturreservatet-stensjo-by\/"]}]},{"@type":"ImageObject","inLanguage":"da-DK","@id":"https:\/\/www.visitsmaland.se\/dk\/at-goere\/kulturreservatet-stensjo-by\/#primaryimage","url":"https:\/\/www.visitsmaland.se\/wp-content\/uploads\/2026\/03\/Kulturreservatet-Stensjo-by-87093-scaled.jpeg","contentUrl":"https:\/\/www.visitsmaland.se\/wp-content\/uploads\/2026\/03\/Kulturreservatet-Stensjo-by-87093-scaled.jpeg","width":2560,"height":1707},{"@type":"BreadcrumbList","@id":"https:\/\/www.visitsmaland.se\/dk\/at-goere\/kulturreservatet-stensjo-by\/#breadcrumb","itemListElement":[{"@type":"ListItem","position":1,"name":"Forside","item":"https:\/\/www.visitsmaland.se\/dk\/"},{"@type":"ListItem","position":2,"name":"Kulturreservatet Stensjö by"}]},{"@type":"WebSite","@id":"https:\/\/www.visitsmaland.se\/dk\/#website","url":"https:\/\/www.visitsmaland.se\/dk\/","name":"Visit Småland","description":"Välkommen till Småland","potentialAction":[{"@type":"SearchAction","target":{"@type":"EntryPoint","urlTemplate":"https:\/\/www.visitsmaland.se\/dk\/?s={search_term_string}"},"query-input":{"@type":"PropertyValueSpecification","valueRequired":true,"valueName":"search_term_string"}}],"inLanguage":"da-DK"}]}</script>
<!-- / Yoast SEO plugin. -->

Kulturreservatet Stensjö by | Visit Småland

Stensjö by tager dig langt tilbage i tiden til et landskab, der er skabt gennem høhøst og græsning gennem århundreder.

Visit Småland

Välkommen till Småland
